
Suppose 8*w - 11*w = 255. Let u = 190 + w. Calculate the greatest common divisor of u and 30.
15
Suppose -9*w - 3*i = -6*w - 459, 2*w - 305 = -3*i. What is the greatest common factor of 22 and w?
22
Suppose -75 = -4*p - 3. Let x = p + -13. What is the highest common divisor of 2 and x?
1
Suppose 0*u + 10 = 2*a - u, -3*u - 10 = -a. Suppose 2*t - 4*p = 16, 4*t + a*p = 2*p + 22. Calculate the greatest common factor of 9 and t.
3
Suppose 0 = -19*h + 9463 - 742. What is the highest common divisor of 51 and h?
51
Let x = -3 - -4. Let o(h) = 2*h + 38. Let v be o(-17). Calculate the greatest common factor of x and v.
1
Let c be (240 - 8) + (6 - 8). Calculate the highest common divisor of 30 and c.
10
Suppose -3*a + 29*g + 4797 = 32*g, 5*a = -g + 7999. Calculate the highest common factor of a and 100.
100
Let r(d) = 12*d**2 + 13*d - 16. Let l be r(6). Suppose -20*z = -22*z + l. Calculate the greatest common factor of 19 and z.
19
Let c(q) = -q**2 - 2*q + 6. Let o be c(-3). Suppose -o*s = 5*j - 211, -4*s + 3 = -5*s. Let d = -9 + j. What is the highest common divisor of d and 5?
5
Suppose 0 = -8*m + 6*m + 8. Suppose 3*l + f - 1 - 20 = 0, 0 = m*l + 2*f - 28. What is the highest common factor of 1 and l?
1
Let s(t) = -25*t**3 - 8*t**2 - 3*t - 3. Let k be s(-3). What is the highest common factor of k and 21?
21
Let s be 8 + -7 + (-50 - 2/(-1)). Let m = -43 - s. Calculate the highest common divisor of 32 and m.
4
Let x(i) = i**2 - 118. Let u be x(11). Let d(p) = p**2 - 2*p - 2. Let r = 6 + -3. Let f be d(r). Calculate the highest common divisor of u and f.
1
Suppose 0 = 4*x - 3*d - 339, -2*x + 0*x + 4*d + 172 = 0. Calculate the highest common divisor of 24 and x.
12
Let o be 18/135 + 107/(-15). Let b be -3 - (6/o)/(6/252). Calculate the greatest common factor of b and 3.
3
Suppose 159*f + 396 = 162*f. What is the highest common divisor of 408 and f?
12
Let w(m) = m**3 + 8*m**2 - 7*m - 28. Let u = -81 + 73. Let j be w(u). Let q = 0 + 4. Calculate the greatest common divisor of j and q.
4
Suppose -m + k + 10 = -10, 80 = 4*m - 2*k. What is the highest common factor of m and 2020?
20
Suppose -7*g + g = -150. Let i = -35 + 40. Calculate the greatest common divisor of g and i.
5
Suppose 4*u + 149 = 3*l, 68 = 4*l + 3*u - 139. Let m be (2/(-5))/(6 - 2044/340). What is the greatest common factor of m and l?
17
Suppose -3*b = 5*p + 327 - 1565, 3*b = 2*p - 512. What is the greatest common factor of p and 5?
5
Let w be 17 + (0 - 0) + -2. Suppose 41*a - 37*a = -5*b - 1, -b = a - 1. What is the highest common divisor of a and w?
3
Let c = 61 + -35. Let a(m) = -33*m + 10. Let j be a(-6). Calculate the highest common factor of c and j.
26
Let f = -340 - -662. What is the greatest common factor of 69 and f?
23
Let b(s) = s**3 + s - 12. Let z be b(0). Let v be (-2)/8 - 279/z. Let q = v + -14. What is the greatest common factor of 36 and q?
9
Let c(f) be the first derivative of -f**3/3 - 3*f**2 + 15*f + 18. Let q be c(-7). Let z be (-10)/(-4)*1*16. What is the highest common factor of q and z?
8
Let q = -95 - -159. Suppose 4*h - 2*h = 4*u - 62, 5*u = -2*h + q. What is the highest common factor of 14 and u?
14
Let f(s) = 9*s - 3. Let o be f(7). Suppose -5*g + 3*r = -35, g - 4*g = -r - 17. Suppose -m + 16 = -g. Calculate the greatest common factor of o and m.
20
Let f = 5 - -2. Let n = -3 + f. Suppose h - 26 = -o, 2*o = -n*h + 6 + 90. What is the highest common divisor of 33 and h?
11
Suppose 16*r - 23*r = -3024. What is the greatest common divisor of r and 48?
48
Let b(m) = m**3 - 12*m**2 - 16*m + 57. Let t be b(13). What is the greatest common divisor of t and 684?
18
Suppose -4*k - 16 = -2*d, k = 4*d + 6 - 17. Suppose -2*b - 103 = -4*n + 133, -n = d*b - 64. What is the highest common divisor of 6 and n?
6
Suppose -130 = 2*o - 4*h, o + 3*h + 62 = 2*h. Let i = -18 - o. Calculate the highest common factor of i and 5.
5
Suppose -5*z + 209 = -291. Suppose 0 = 2*t - 2*s - 14, 0*t + 5*s = -2*t - 21. Suppose t*x - 21 = 59. What is the highest common divisor of z and x?
20
Let n = -139 + 149. Suppose -200 = -5*k - 5*c, -k - 2*c = -0*c - 40. What is the highest common factor of n and k?
10
Suppose 0 = -5*o + 31 - 1. Let b = o - -2. Let w be 4/(-14) - 1410/(-35). Calculate the greatest common divisor of b and w.
8
Suppose -38 = 5*y + 2*k, 0 = y + 2*k - 6*k + 12. Let u(d) = -5*d + 16. Let g be u(y). What is the highest common divisor of g and 7?
7
Let w = 0 + 46. Let i = 435 - 361. Let q = i + w. Calculate the greatest common divisor of 15 and q.
15
Let v(x) = -16*x - 52. Let i be v(-10). Calculate the greatest common factor of 36 and i.
36
Let u(y) = 26*y**2 - 11*y + 35. Let k be u(7). Calculate the highest common divisor of 224 and k.
112
Suppose 0 = -2*x + n + 197, -4*n - 47 - 69 = -x. Let u(h) = h**3 + 5*h**2 - 4*h - 20. Let t be u(-4). Calculate the highest common divisor of x and t.
12
Let q = -187 + 410. Suppose q = a - 140. Calculate the highest common divisor of a and 33.
33
Suppose 6*a - 48*a = -1050. What is the highest common divisor of a and 65?
5
Suppose -6*k = 16 - 70. Calculate the highest common divisor of k and 3.
3
Let c(n) = 17*n + 7. Let o(q) = -6*q - 4 + 1 + 1 + 0. Let h(l) = 3*c(l) + 8*o(l). Let y be h(5). What is the highest common factor of 20 and y?
20
Let r = -16 + 23. Let g = r + -3. Let t be (-4)/(-10)*(-120)/(-4). Calculate the greatest common factor of g and t.
4
Let r be (-2784)/(-34) + 22/187. What is the highest common divisor of r and 205?
41
Let z be (-10)/((-5)/5 + -1). Suppose z*f = 82 - 32. What is the greatest common divisor of 1 and f?
1
Suppose 25 = -2*m - 13. Let h = -92 + m. Let f be (-4)/(-6) - h/9. Calculate the greatest common factor of 39 and f.
13
Let s(n) = -2*n**2 - 1. Let z(i) = i**2 + 7*i - 10. Let p be z(-8). Let o be s(p). Let h be -1 - (1 + -3) - o. Calculate the greatest common factor of h and 4.
2
Let u be (-180)/(-50) + (-4)/(-10). Let a be 323/68 - (-1)/u. Suppose -3*h - 13 = 3*v - 58, a*h + 21 = 3*v. What is the greatest common factor of 6 and v?
6
Let w(n) = -31*n - 46. Let o be w(-3). Calculate the greatest common factor of 329 and o.
47
Let w(p) = p**3 + 22*p**2 + 46*p - 13. Let a be w(-20). Let h = -102 - a. What is the highest common divisor of h and 341?
31
Let v(s) = 2*s**2 - 8*s - 6. Let k be v(5). Calculate the greatest common divisor of 8 and k.
4
Suppose 74 = 2*s + 5*a - 2*a, -5*a = 3*s - 113. Let n = 3525 - 3277. Calculate the highest common factor of n and s.
31
Let y be 2*(-2)/(-4)*4. Suppose -y*k + 7 = -21. Let q(j) = j**2 - 5*j - 3. Let v be q(k). What is the greatest common factor of v and 99?
11
Let y(g) = 13*g + 26. Let v be y(1). Calculate the greatest common factor of 793 and v.
13
Let q = -4764 + 9000. What is the greatest common divisor of 12 and q?
12
Let w(f) = 2*f**2 - 19*f + 36. Let i be w(7). Let c = 14 + -10. Calculate the highest common factor of i and c.
1
Let u = -69 - -71. Suppose -3 = 2*g - 4*d - 145, 2*g + 2*d = 124. Suppose u*s - s = g. Calculate the greatest common factor of s and 26.
13
Suppose -2*c = 2*c + 4. Let p = 99 + c. Let o be -2 - (-18 - (-2 - 0)). Calculate the highest common factor of o and p.
14
Let x be 5250/147 + (-2)/(-7)*1. What is the greatest common factor of x and 198?
18
Suppose 2*a + 4 - 24 = -4*y, y - 2*a = 15. Suppose 2*l = -y*r + 6*r + 7, r - 31 = 4*l. What is the highest common divisor of r and 105?
15
Let j(p) be the third derivative of 0*p + 1/3*p**3 + 1/60*p**5 - 2*p**2 + 1/8*p**4 + 0. Let z be j(-6). Calculate the highest common divisor of z and 30.
10
Let y = 3556 - -2070. Calculate the greatest common factor of y and 29.
29
Let x = -21 + 30. Let p be 273 + 1*3/(-3). Suppose 4*f - p = -4*i, -65 = -2*f - 4*i + 81. What is the greatest common factor of x and f?
9
Suppose 7*n + 23*n = 9660. What is the greatest common factor of n and 98?
14
Let i(n) = -n**2 - 34*n + 4. Let y be i(-34). Calculate the highest common factor of y and 10.
2
Suppose -63*a + 41292 = 30*a. Calculate the greatest common divisor of a and 370.
74
Let c = 2 + 79. Suppose 4*l - 9 = 3*w + c, w - 74 = -3*l. Suppose v = -v + l. Calculate the greatest common factor of 30 and v.
6
Suppose -5*y - 5*l + 25 = 0, 0*l - 3*l = -12. Suppose -9 = 2*r + 3*o - y, 5*r + 6 = -4*o. What is the greatest co